{"id":12,"date":"2014-01-31T16:36:38","date_gmt":"2014-01-31T19:36:38","guid":{"rendered":"http:\/\/www.marcionigro.com.br\/buraconigro\/?page_id=12"},"modified":"2022-06-16T11:39:49","modified_gmt":"2022-06-16T14:39:49","slug":"premios","status":"publish","type":"page","link":"https:\/\/www.marcionigro.com.br\/buraconigro\/premios\/","title":{"rendered":"Pr\u00eamios"},"content":{"rendered":"<div class=\"boldgrid-section\">\n<div class=\"container\">\n<div class=\"row\" style=\"padding-top: 20px; padding-bottom: 26px;\">\n<div class=\"col-lg-6 col-md-12 col-xs-12 col-sm-12\">\n<p class=\"\"><strong style=\"line-height: 1.5em;\"><img data-attachment-id=\"199\" data-permalink=\"https:\/\/www.marcionigro.com.br\/buraconigro\/premios\/screen-shot-2014-02-05-at-02-01-22\/\" data-orig-file=\"https:\/\/i0.wp.com\/www.marcionigro.com.br\/buraconigro\/wp-content\/uploads\/2014\/01\/Screen-Shot-2014-02-05-at-02.01.22.png?fit=214%2C175&amp;ssl=1\" data-orig-size=\"214,175\" data-comments-opened=\"1\" data-image-meta=\"{&quot;aperture&quot;:&quot;0&quot;,&quot;credit&quot;:&quot;&quot;,&quot;camera&quot;:&quot;&quot;,&quot;caption&quot;:&quot;&quot;,&quot;created_timestamp&quot;:&quot;0&quot;,&quot;copyright&quot;:&quot;&quot;,&quot;focal_length&quot;:&quot;0&quot;,&quot;iso&quot;:&quot;0&quot;,&quot;shutter_speed&quot;:&quot;0&quot;,&quot;title&quot;:&quot;&quot;}\" data-image-title=\"Screen Shot 2014-02-05 at 02.01.22\" data-image-description=\"\" data-image-caption=\"\" data-medium-file=\"https:\/\/i0.wp.com\/www.marcionigro.com.br\/buraconigro\/wp-content\/uploads\/2014\/01\/Screen-Shot-2014-02-05-at-02.01.22.png?fit=214%2C175&amp;ssl=1\" data-large-file=\"https:\/\/i0.wp.com\/www.marcionigro.com.br\/buraconigro\/wp-content\/uploads\/2014\/01\/Screen-Shot-2014-02-05-at-02.01.22.png?fit=214%2C175&amp;ssl=1\" decoding=\"async\" loading=\"lazy\" class=\"alignnone wp-image-199\" src=\"https:\/\/i0.wp.com\/www.marcionigro.com.br\/buraconigro\/wp-content\/uploads\/2014\/01\/Screen-Shot-2014-02-05-at-02.01.22.png?resize=220%2C180\" alt=\"Screen Shot 2014-02-05 at 02.01.22\" width=\"220\" height=\"180\"  data-recalc-dims=\"1\"><\/strong><\/p>\n<p class=\"\"><strong style=\"line-height: 1.5em;\">Grande Pr\u00eamio Brasileiro de Cinema<br \/>\n<\/strong><span style=\"line-height: 1.5em;\">Bob Cuspe &#8211; N\u00f3s N\u00e3o Gostamos de Gente (Indicado m\u00fasica original,&nbsp;2022)<br \/>\n2 Coelhos (M\u00fasica original,&nbsp;<\/span><span style=\"line-height: 1.5em;\">2013)<br \/>\n<\/span><span style=\"line-height: 1.5em;\">\u00c9 Proibido Fumar (M\u00fasica original, 2010)<\/span><\/p>\n<\/div>\n<div class=\"col-lg-6 col-md-6 col-sm-12 col-xs-12\">\n<p class=\"\"><strong><img data-attachment-id=\"663\" data-permalink=\"https:\/\/www.marcionigro.com.br\/buraconigro\/premios\/quirino\/\" data-orig-file=\"https:\/\/i0.wp.com\/www.marcionigro.com.br\/buraconigro\/wp-content\/uploads\/2022\/06\/quirino.jpg?fit=660%2C660&amp;ssl=1\" data-orig-size=\"660,660\" data-comments-opened=\"0\" data-image-meta=\"{&quot;aperture&quot;:&quot;0&quot;,&quot;credit&quot;:&quot;&quot;,&quot;camera&quot;:&quot;&quot;,&quot;caption&quot;:&quot;&quot;,&quot;created_timestamp&quot;:&quot;0&quot;,&quot;copyright&quot;:&quot;&quot;,&quot;focal_length&quot;:&quot;0&quot;,&quot;iso&quot;:&quot;0&quot;,&quot;shutter_speed&quot;:&quot;0&quot;,&quot;title&quot;:&quot;&quot;,&quot;orientation&quot;:&quot;1&quot;}\" data-image-title=\"quirino\" data-image-description=\"\" data-image-caption=\"\" data-medium-file=\"https:\/\/i0.wp.com\/www.marcionigro.com.br\/buraconigro\/wp-content\/uploads\/2022\/06\/quirino.jpg?fit=300%2C300&amp;ssl=1\" data-large-file=\"https:\/\/i0.wp.com\/www.marcionigro.com.br\/buraconigro\/wp-content\/uploads\/2022\/06\/quirino.jpg?fit=660%2C660&amp;ssl=1\" decoding=\"async\" loading=\"lazy\" class=\"alignnone  wp-image-663\" src=\"https:\/\/i0.wp.com\/www.marcionigro.com.br\/buraconigro\/wp-content\/uploads\/2022\/06\/quirino.jpg?resize=180%2C180\" alt=\"\" width=\"180\" height=\"180\" srcset=\"https:\/\/i0.wp.com\/www.marcionigro.com.br\/buraconigro\/wp-content\/uploads\/2022\/06\/quirino.jpg?w=660&amp;ssl=1 660w, https:\/\/i0.wp.com\/www.marcionigro.com.br\/buraconigro\/wp-content\/uploads\/2022\/06\/quirino.jpg?resize=300%2C300&amp;ssl=1 300w, https:\/\/i0.wp.com\/www.marcionigro.com.br\/buraconigro\/wp-content\/uploads\/2022\/06\/quirino.jpg?resize=290%2C290&amp;ssl=1 290w\" sizes=\"(max-width: 180px) 100vw, 180px\" data-recalc-dims=\"1\" \/><\/strong><\/p>\n<p class=\"\"><strong><span>Premios Quirino de Anima\u00e7\u00e3o<\/span><br \/>\n<\/strong><span style=\"line-height: 1.5em;\">Bob Cuspe &#8211; N\u00f3s N\u00e3o Gostamos de Gente<br \/>\n(M\u00fasica original,&nbsp;2022)<\/span><\/p>\n<\/div>\n<\/div>\n<div class=\"row\" style=\"padding-top: 20px; padding-bottom: 26px;\">\n<div class=\"col-lg-6 col-md-12 col-xs-12 col-sm-12\">\n<p class=\"\"><span style=\"line-height: 1.5em;\"><img data-attachment-id=\"664\" data-permalink=\"https:\/\/www.marcionigro.com.br\/buraconigro\/premios\/cartton\/\" data-orig-file=\"https:\/\/i0.wp.com\/www.marcionigro.com.br\/buraconigro\/wp-content\/uploads\/2022\/06\/cartton.jpg?fit=600%2C600&amp;ssl=1\" data-orig-size=\"600,600\" data-comments-opened=\"0\" data-image-meta=\"{&quot;aperture&quot;:&quot;0&quot;,&quot;credit&quot;:&quot;&quot;,&quot;camera&quot;:&quot;&quot;,&quot;caption&quot;:&quot;&quot;,&quot;created_timestamp&quot;:&quot;0&quot;,&quot;copyright&quot;:&quot;&quot;,&quot;focal_length&quot;:&quot;0&quot;,&quot;iso&quot;:&quot;0&quot;,&quot;shutter_speed&quot;:&quot;0&quot;,&quot;title&quot;:&quot;&quot;,&quot;orientation&quot;:&quot;1&quot;}\" data-image-title=\"cartton\" data-image-description=\"\" data-image-caption=\"\" data-medium-file=\"https:\/\/i0.wp.com\/www.marcionigro.com.br\/buraconigro\/wp-content\/uploads\/2022\/06\/cartton.jpg?fit=300%2C300&amp;ssl=1\" data-large-file=\"https:\/\/i0.wp.com\/www.marcionigro.com.br\/buraconigro\/wp-content\/uploads\/2022\/06\/cartton.jpg?fit=600%2C600&amp;ssl=1\" decoding=\"async\" loading=\"lazy\" class=\"alignnone  wp-image-664\" src=\"https:\/\/i0.wp.com\/www.marcionigro.com.br\/buraconigro\/wp-content\/uploads\/2022\/06\/cartton.jpg?resize=180%2C180\" alt=\"\" width=\"180\" height=\"180\" srcset=\"https:\/\/i0.wp.com\/www.marcionigro.com.br\/buraconigro\/wp-content\/uploads\/2022\/06\/cartton.jpg?w=600&amp;ssl=1 600w, https:\/\/i0.wp.com\/www.marcionigro.com.br\/buraconigro\/wp-content\/uploads\/2022\/06\/cartton.jpg?resize=300%2C300&amp;ssl=1 300w, https:\/\/i0.wp.com\/www.marcionigro.com.br\/buraconigro\/wp-content\/uploads\/2022\/06\/cartton.jpg?resize=290%2C290&amp;ssl=1 290w\" sizes=\"(max-width: 180px) 100vw, 180px\" data-recalc-dims=\"1\" \/><\/span><\/p>\n<p class=\"\"><strong style=\"line-height: 1.5em;\"><span>Cartoons On The Bay Awards<\/span><br \/>\n<\/strong><span style=\"line-height: 1.5em;\">Bob Cuspe &#8211; N\u00f3s N\u00e3o Gostamos de Gente<br \/>\n<\/span><span style=\"line-height: 1.5em;\">|(Men\u00e7\u00e3o especial, m\u00fasica original,&nbsp;2013)<\/p>\n<p><\/span><\/p>\n<\/div>\n<div class=\"col-lg-6 col-md-6 col-sm-12 col-xs-12\">\n<p class=\"\"><strong><img decoding=\"async\" loading=\"lazy\" class=\"alignnone\" src=\"https:\/\/i0.wp.com\/cinemacomrapadura.com.br\/imagens\/2013\/07\/20130717-festbsb2.jpg?resize=143%2C180\" width=\"143\" height=\"180\"  data-recalc-dims=\"1\"><\/strong><\/p>\n<p class=\"\"><strong>Festival de Bras\u00edlia<br \/>\n<\/strong>\u00c9 Proibido Fumar<br \/>\n(M\u00fasica original, 2010)<\/p>\n<\/div>\n<\/div>\n<div class=\"row\" style=\"padding-top: 20px; padding-bottom: 26px;\">\n<div class=\"col-lg-6 col-md-12 col-xs-12 col-sm-12\">\n<p class=\"\"><img decoding=\"async\" loading=\"lazy\" class=\"alignnone\" src=\"https:\/\/i0.wp.com\/s3.amazonaws.com\/semtedio.com\/wp-content\/uploads\/2010\/07\/festival-paulinia.jpg?resize=172%2C180&#038;ssl=1\" width=\"172\" height=\"180\"  data-recalc-dims=\"1\"><\/p>\n<p class=\"\"><strong>Festival de Paul\u00ednia<br \/>\n<\/strong>\u00c9 Proibido Fumar&nbsp;(M\u00fasica original, 2010)<br \/>\nEncarna\u00e7\u00e3o do Dem\u00f4nio (M\u00fasica original, 2008)<\/p>\n<\/div>\n<div class=\"col-lg-6 col-md-6 col-sm-12 col-xs-12\">\n<p class=\"\"><strong><img data-attachment-id=\"200\" data-permalink=\"https:\/\/www.marcionigro.com.br\/buraconigro\/premios\/screen-shot-2014-02-05-at-02-06-52\/\" data-orig-file=\"https:\/\/i0.wp.com\/www.marcionigro.com.br\/buraconigro\/wp-content\/uploads\/2014\/01\/Screen-Shot-2014-02-05-at-02.06.52.png?fit=235%2C235&amp;ssl=1\" data-orig-size=\"235,235\" data-comments-opened=\"1\" data-image-meta=\"{&quot;aperture&quot;:&quot;0&quot;,&quot;credit&quot;:&quot;&quot;,&quot;camera&quot;:&quot;&quot;,&quot;caption&quot;:&quot;&quot;,&quot;created_timestamp&quot;:&quot;0&quot;,&quot;copyright&quot;:&quot;&quot;,&quot;focal_length&quot;:&quot;0&quot;,&quot;iso&quot;:&quot;0&quot;,&quot;shutter_speed&quot;:&quot;0&quot;,&quot;title&quot;:&quot;&quot;}\" data-image-title=\"Screen Shot 2014-02-05 at 02.06.52\" data-image-description=\"\" data-image-caption=\"\" data-medium-file=\"https:\/\/i0.wp.com\/www.marcionigro.com.br\/buraconigro\/wp-content\/uploads\/2014\/01\/Screen-Shot-2014-02-05-at-02.06.52.png?fit=235%2C235&amp;ssl=1\" data-large-file=\"https:\/\/i0.wp.com\/www.marcionigro.com.br\/buraconigro\/wp-content\/uploads\/2014\/01\/Screen-Shot-2014-02-05-at-02.06.52.png?fit=235%2C235&amp;ssl=1\" decoding=\"async\" loading=\"lazy\" class=\"alignnone wp-image-200 \" src=\"https:\/\/i0.wp.com\/www.marcionigro.com.br\/buraconigro\/wp-content\/uploads\/2014\/01\/Screen-Shot-2014-02-05-at-02.06.52.png?resize=180%2C180\" alt=\"Screen Shot 2014-02-05 at 02.06.52\" width=\"180\" height=\"180\"  data-recalc-dims=\"1\"><\/strong><\/p>\n<p class=\"\"><strong>Pr\u00eamio Contigo de Cinema Nacional<br \/>\n<\/strong>\u00c9 Proibido Fumar&nbsp;(M\u00fasica original, 2010)<\/p>\n<\/div>\n<\/div>\n<div class=\"row\" style=\"padding-top: 20px; padding-bottom: 26px;\">\n<div class=\"col-lg-6 col-md-12 col-xs-12 col-sm-12\">\n<p class=\"\"><strong><img decoding=\"async\" loading=\"lazy\" class=\"alignnone\" src=\"https:\/\/i0.wp.com\/pbs.twimg.com\/profile_images\/2487184659\/nab4tytmpp5c8350rwfr.jpeg?resize=181%2C181&#038;ssl=1\" width=\"181\" height=\"181\"  data-recalc-dims=\"1\"><\/strong><\/p>\n<p class=\"\"><strong>Arax\u00e1 Cine Festival<br \/>\n<\/strong>O Contador de Historias<br \/>\n(M\u00fasica original, 2012)<\/p>\n<\/div>\n<div class=\"col-lg-6 col-md-6 col-sm-12 col-xs-12\">\n<p class=\"\"><img data-attachment-id=\"487\" data-permalink=\"https:\/\/www.marcionigro.com.br\/buraconigro\/premios\/cine-musica-logo\/\" data-orig-file=\"https:\/\/i0.wp.com\/www.marcionigro.com.br\/buraconigro\/wp-content\/uploads\/2018\/01\/cine-musica-logo.jpg?fit=640%2C422&amp;ssl=1\" data-orig-size=\"640,422\" data-comments-opened=\"0\" data-image-meta=\"{&quot;aperture&quot;:&quot;0&quot;,&quot;credit&quot;:&quot;&quot;,&quot;camera&quot;:&quot;&quot;,&quot;caption&quot;:&quot;&quot;,&quot;created_timestamp&quot;:&quot;0&quot;,&quot;copyright&quot;:&quot;&quot;,&quot;focal_length&quot;:&quot;0&quot;,&quot;iso&quot;:&quot;0&quot;,&quot;shutter_speed&quot;:&quot;0&quot;,&quot;title&quot;:&quot;&quot;,&quot;orientation&quot;:&quot;1&quot;}\" data-image-title=\"cine-musica-logo\" data-image-description=\"\" data-image-caption=\"\" data-medium-file=\"https:\/\/i0.wp.com\/www.marcionigro.com.br\/buraconigro\/wp-content\/uploads\/2018\/01\/cine-musica-logo.jpg?fit=300%2C198&amp;ssl=1\" data-large-file=\"https:\/\/i0.wp.com\/www.marcionigro.com.br\/buraconigro\/wp-content\/uploads\/2018\/01\/cine-musica-logo.jpg?fit=640%2C422&amp;ssl=1\" decoding=\"async\" loading=\"lazy\" class=\"alignnone wp-image-487\" src=\"https:\/\/i0.wp.com\/www.marcionigro.com.br\/buraconigro\/wp-content\/uploads\/2018\/01\/cine-musica-logo.jpg?resize=274%2C181\" alt=\"\" width=\"274\" height=\"181\" srcset=\"https:\/\/i0.wp.com\/www.marcionigro.com.br\/buraconigro\/wp-content\/uploads\/2018\/01\/cine-musica-logo.jpg?w=640&amp;ssl=1 640w, https:\/\/i0.wp.com\/www.marcionigro.com.br\/buraconigro\/wp-content\/uploads\/2018\/01\/cine-musica-logo.jpg?resize=300%2C198&amp;ssl=1 300w\" sizes=\"(max-width: 274px) 100vw, 274px\" data-recalc-dims=\"1\" \/><\/p>\n<p class=\"\"><strong style=\"line-height: 1.5em;\">CineM\u00fasica, de Conservat\u00f3ria<\/strong><br \/>\n\u00c9 Proibido Fumar&nbsp;(M\u00fasica original, 2010)<br \/>\nEncarna\u00e7\u00e3o do Dem\u00f4nio (M\u00fasica original, 2009)<\/p>\n<\/div>\n<\/div>\n<\/div>\n<\/div>\n<div class=\"boldgrid-section\">\n<div class=\"container\"><\/div>\n<\/div>\n<div class=\"boldgrid-section\">\n<div class=\"container\"><\/div>\n<\/div>\n","protected":false},"excerpt":{"rendered":"<p>Grande Pr\u00eamio Brasileiro de Cinema Bob Cuspe &#8211; N\u00f3s N\u00e3o Gostamos de Gente (Indicado m\u00fasica original,&nbsp;2022) 2 Coelhos (M\u00fasica original,&nbsp;2013) \u00c9 Proibido Fumar (M\u00fasica original, 2010) Premios Quirino de Anima\u00e7\u00e3o Bob Cuspe &#8211; N\u00f3s N\u00e3o Gostamos de Gente (M\u00fasica original,&nbsp;2022) Cartoons On The Bay Awards Bob Cuspe &#8211; N\u00f3s N\u00e3o Gostamos de Gente |(Men\u00e7\u00e3o especial, [&hellip;]<\/p>\n","protected":false},"author":1,"featured_media":0,"parent":0,"menu_order":0,"comment_status":"closed","ping_status":"closed","template":"","meta":{"bgseo_title":"","bgseo_description":"","bgseo_robots_index":"index","bgseo_robots_follow":"follow","jetpack_post_was_ever_published":false},"jetpack_sharing_enabled":true,"jetpack_shortlink":"https:\/\/wp.me\/P4j20Q-c","jetpack_likes_enabled":true,"_links":{"self":[{"href":"https:\/\/www.marcionigro.com.br\/buraconigro\/wp-json\/wp\/v2\/pages\/12"}],"collection":[{"href":"https:\/\/www.marcionigro.com.br\/buraconigro\/wp-json\/wp\/v2\/pages"}],"about":[{"href":"https:\/\/www.marcionigro.com.br\/buraconigro\/wp-json\/wp\/v2\/types\/page"}],"author":[{"embeddable":true,"href":"https:\/\/www.marcionigro.com.br\/buraconigro\/wp-json\/wp\/v2\/users\/1"}],"replies":[{"embeddable":true,"href":"https:\/\/www.marcionigro.com.br\/buraconigro\/wp-json\/wp\/v2\/comments?post=12"}],"version-history":[{"count":10,"href":"https:\/\/www.marcionigro.com.br\/buraconigro\/wp-json\/wp\/v2\/pages\/12\/revisions"}],"predecessor-version":[{"id":665,"href":"https:\/\/www.marcionigro.com.br\/buraconigro\/wp-json\/wp\/v2\/pages\/12\/revisions\/665"}],"wp:attachment":[{"href":"https:\/\/www.marcionigro.com.br\/buraconigro\/wp-json\/wp\/v2\/media?parent=12"}],"curies":[{"name":"wp","href":"https:\/\/api.w.org\/{rel}","templated":true}]}}